10).
230
Let b(i) = -23*i + 1450. What is b(63)?
1
Let v(i) = -870*i - 113098. Determine v(-130).
2
Let o(z) = 24*z - 114. What is o(11)?
150
Let a(p) = 58898*p + 294484. Calculate a(-5).
-6
Let d(y) = 11*y**3 + y**2 - y + 2. Calculate d(-3).
-283
Let a(x) = 5*x**2 + 97*x + 468. What is a(-10)?
-2
Let m(j) = -687*j + 4102. What is m(6)?
-20
Let v(n) = 81*n + 178. Determine v(-2).
16
Let q(u) = 3*u**2 + 30*u - 122. Determine q(5).
103
Let m(c) = 20*c - 308. Determine m(18).
52
Let v(k) = -k**2 + 141*k - 1193. Determine v(132).
-5
Let m(g) = 36*g + 188. Calculate m(-6).
-28
Let i(r) = r**2 - 29*r + 81. Determine i(25).
-19
Let h(s) = -2*s**2 - 13*s - 38. What is h(-4)?
-18
Let k(q) = -62*q - 4164. Give k(-64).
-196
Let a(k) = k**3 + k**2 - 78*k - 42. Calculate a(-8).
134
Let m(n) = 2*n**2 - 79*n - 318. Give m(43).
-17
Let m(x) = -6921*x + 200697. Give m(29).
-12
Let f(z) = 1113*z - 15581. Determine f(14).
1
Let b(g) = g**3 + 7*g**2 + 12*g + 22. Give b(-7).
-62
Let v(i) = i**2 - 8*i - 40. Determine v(-8).
88
Let j(z) = -3*z**3 + 11*z**2 + 6*z - 2. Give j(4).
6
Let l(c) = 30*c**2 - 324*c - 58. Calculate l(11).
8
Let v(k) = -k**3 + 12*k**2 - 31*k + 33. Calculate v(9).
-3
Let i(q) = 9*q**3 - 422*q**2 - 53*q + 288. Calculate i(47).
6
Let t(k) = k**2 + 112*k - 2562. Give t(-132).
78
Let q(j) = -55*j - 1272. Determine q(-28).
268
Let b(f) = -f**3 - 114*f**2 + 2082*f + 281. Determine b(-130).
21
Let m(r) = 20*r**2 - 23*r. Determine m(-3).
249
Let p(r) = 2*r**2 + 21*r - 13. Calculate p(-10).
-23
Let m(b) = 30*b + 169. Determine m(-9).
-101
Let o(n) = 7*n**3 - 50*n**2 + 9*n - 16. Calculate o(7).
-2
Let v(a) = 2*a**2 - 46*a + 243. Give v(5).
63
Let g(f) = -133*f - 220. Give g(-2).
46
Let a(x) = -x**3 + 138*x**2 + 125*x + 1952. Determine a(139).
6
Let j(p) = -p**3 - 242*p**2 - 5*p - 1194. Give j(-242).
16
Let v(l) = 314*l - 116486. Determine v(371).
8
Let t(z) = -103*z + 368. What is t(3)?
59
Let o(j) = j**3 - 15*j**2 - 124*j - 32. Calculate o(21).
10
Let f(r) = r**2 - 4849*r + 29058. Determine f(6).
0
Let r(a) = a**3 + 95*a**2 - 824*a + 10. Calculate r(8).
10
Let h(d) = 125*d + 3250. Give h(-26).
0
Let l(s) = -561*s + 6745. Give l(12).
13
Let b(w) = 3*w - 19. Give b(-25).
-94
Let k(p) = -9*p**3 - 10. Determine k(-2).
62
Let a(y) = 84*y + 40. What is a(-2)?
-128
Let p(m) = -169*m**2 + 160*m - 161. Give p(1).
-170
Let y(u) = -u**3 + 154*u**2 - 892*u + 597. Determine y(148).
5
Let o(g) = g**2 + 302*g - 925. Give o(3).
-10
Let v(a) = a**2 + 95*a + 839. Calculate v(-86).
65
Let x(n) = -n**2 - 79*n - 1051. Determine x(-17).
3
Let q(h) = 102*h**2 + 4898*h + 96. Calculate q(-48).
0
Let z(r) = -3*r**2 - 16*r - 77. What is z(-6)?
-89
Let k(u) = -u**3 + 10*u**2 + 37*u + 10. Determine k(-3).
16
Let x(k) = -80*k + 3711. Give x(46).
31
Let y(c) = 31*c + 228. Calculate y(-7).
11
Let t(c) = c**2 - 13604*c + 81582. Calculate t(6).
-6
Let h(m) = 2*m**3 - 201*m**2 + 299*m - 203. Determine h(99).
-5
Let r(f) = f**2 - 99*f + 1140. Calculate r(86).
22
Let z(w) = w**3 - 2*w**2 - 71*w + 279. What is z(4)?
27
Let l(c) = 2*c**3 + 6*c**2 - 35*c - 3. Determine l(-5).
72
Let m(l) = -l**3 + 667*l**2 - 8499*l - 32. Calculate m(13).
7
Let y(z) = z**3 + 4*z**2 - 20*z - 15. What is y(-7)?
-22
Let h(t) = t**3 + 10*t**2 + 61*t + 580. What is h(-9)?
112
Let l(b) = -2*b**3 + 31*b**2 - 14*b - 31. Give l(15).
-16
Let k(a) = a**3 - 159*a**2 + 346*a - 5036. Determine k(157).
-12
Let p(r) = r**2 - 684*r + 12635. What is p(19)?
0
Let o(v) = -v**3 + 36*v**2 + 3*v - 843. Determine o(36).
-735
Let g(l) = l**2 - 24*l + 153. What is g(16)?
25
Let y(f) = -20*f + 60. Give y(7).
-80
Let o(v) = -40*v - 297. Give o(-9).
63
Let o(i) = -9*i**2 + 20*i + 25. Give o(-3).
-116
Let w(m) = 70*m - 1238. What is w(19)?
92
Let o(w) = 6*w**2 - 172*w - 330. Give o(29).
-272
Let w(t) = -t**2 - 5*t - 75. What is w(-14)?
-201
Let q(j) = -7*j**2 + 11*j + 26. Determine q(-2).
-24
Let v(w) = 24*w + 14. Calculate v(-9).
-202
Let f(v) = -510*v - 7149. What is f(-14)?
-9
Let h(a) = 82*a - 430. Calculate h(-5).
-840
Let i(x) = x**3 - 8*x**2 + 2*x - 24. Determine i(7).
-59
Let m(l) = -2*l**3 - 54*l**2 - 51*l + 15. Calculate m(-26).
-11
Let r(h) = 8*h + 683. Calculate r(-90).
-37
Let m(a) = -107*a - 808. Calculate m(-7).
-59
Let p(y) = -131*y + 913. What is p(7)?
-4
Let o(f) = 3*f**2 + 147*f + 1759. Give o(-28).
-5
Let b(d) = -d**2 - 35*d - 224. Give b(-15).
76
Let h(o) = 35*o - 358. Determine h(10).
-8
Let k(y) = -24*y**2 + 528*y - 6. Determine k(22).
-6
Let m(q) = -11*q - 404. Determine m(-38).
14
Let b(s) = 22*s - 1506. Give b(63).
-120
Let r(i) = 159*i + 3099. Give r(-19).
78
Let r(n) = 2*n**3 + 11*n**2 + 10*n - 8. Determine r(-3).
7
Let h(f) = 37*f**3 - 8326*f**2 + 224*f + 253. Determine h(225).
28
Let u(z) = -695*z + 4087. What is u(6)?
-83
Let n(k) = 62*k - 859. Determine n(14).
9
Let p(z) = -z**3 - 5*z**2 + 127*z + 618. Determine p(-5).
-17
Let w(q) = 6*q**2 + 45*q + 122. Determine w(-4).
38
Let v(g) = 15*g**2 + 23*g + 20. Calculate v(-3).
86
Let z(i) = -i**2 + 150*i - 1235. Give z(141).
34
Let b(g) = 295*g - 10533. What is b(36)?
87
Let s(k) = -2*k**3 - 4*k**2 + 13*k - 15. What is s(-4)?
-3
Let t(w) = -2*w**2 - 3*w + 9. What is t(4)?
-35
Let n(i) = i**2 + 45*i - 1949. Give n(27).
-5
Let v(r) = -14*r**2 - 89*r - 120. Calculate v(-4).
12
Let p(n) = -17*n**2 + 679*n - 625. What is p(39)?
-1
Let d(w) = -4*w**2 - 86*w + 27. Determine d(-22).
-17
Let i(a) = -a**3 - 16*a**2 + 380*a - 55. What is i(-29)?
-142
Let j(l) = -3*l**2 + 49*l - 140. Calculate j(3).
-20
Let v(d) = -25*d**2 + 57*d + 133. Determine v(-3).
-263
Let b(i) = -4*i**2 + 10*i + 67. What is b(-4)?
-37
Let n(v) = v**2 + 69*v + 659. What is n(-59)?
69
Let c(s) = 17*s**2 + 2332*s + 440. Determine c(-137).
29
Let j(w) = -w**3 + 15*w**2 + 50*w + 56. What is j(18)?
-16
Let d(w) = -w**3 + 2*w**2 - 15*w + 36. Calculate d(2).
6
Let u(s) = -14*s - 124. Give u(-8).
-12
Let h(u) = -u**3 - 13*u**2 - 35*u - 24. Determine h(-10).
26
Let a(n) = -n**2 - 33*n + 272. Determine a(-35).
202
Let z(u) = -u**2 - 2*u + 144. Give z(-13).
1
Let q(j) = -2*j**3 - 12*j**2 + 34*j + 13. Determine q(-8).
-3
Let t(h) = 47*h + 730. Give t(-4).
542
Let w(i) = -2*i**3 - 15*i**2 - 16*i + 8. What is w(-6)?
-4
Let t(l) = -951*l + 1899. What is t(2)?
-3
Let a(z) = z**3 + 75*z**2 - 155*z - 86. Calculate a(-77).
-9
Let u(f) = -f**3 - 3*f**2 + 4*f - 28. Calculate u(-6).
56
Let n(u) = 2*u**3 + 109*u**2 - 163*u + 285. Give n(-56).
5
Let q(v) = 4*v**3 - 90*v**2 + 43*v + 12. Calculate q(22).
-10
Let t(q) = 13*q**2 - 11*q + 2. What is t(1)?
4
Let r(d) = 2*d**2 - 384*d - 1911. What is r(-5)?
59
Let a(m) = 7*m - 87. What is a(19)?
46
Let m(w) = -w**2 + 107*w - 982. Calculate m(97).
-12
Let v(b) = -b**3 - 5*b**2 + 15*b + 38. Give v(-6).
-16
Let f(d) = 2934*d - 20500. Determine f(7).
38
Let l(b) = 45*b + 246. Determine l(-17).
-519
Let w(l) = l**2 + 19*l - 44. Give w(2).
-2
Let n(w) = 45*w**3 + w. Determine n(1).
46
Let j(t) = -t**3 - 12*t**2 - 18*t - 27. Determine j(-11).
50
Let d(v) = -v**3 + 121*v**2 - 105*v - 1808. Determine d(120).
-8
Let o(h) = 2676*h + 206060. Determine o(-77).
8
Let w(p) = -104*p - 14. Calculate w(0).
-14
Let m(p) = 2*p - 120. Determine m(44).
-32
Let a(n) = -n**2 - 3*n + 3975. Calculate a(62).
-55
Let r(v) = v**3 + v**2 - 20*v + 88. Calculate r(4).
88
Let y(r) = r**3 + 119*r**2 + 115*r - 347. What is y(-118)?
7
Let y(c) = -5*c**3 + 2*c**2 - 5*c. Calculate y(0).
0
Let n(g) = g**3 - 31*g**2 + 88*g + 20. Calculate n(4).
-60
Let n(c) = -c**3 + 13*c**2 + 1217*c + 37. Determine n(42).
-5
Let o(x) = -2*x**2 - 39*x - 47. What is o(-18)?
7
Let p(b) = 130*b + 501. Determine p(-4).
-19
Let j(p) = -2*p**3 - 4*p**2 + 4*p + 5. Give j(-3).
11
Let a(f) = -2*f**2 - 110*f - 1154. What is a(-37)?
178
Let d(c) = c**3 - 6*c**2 - 13*c + 22. Calculate d(6).
-56
Let w(u) = 1967*u - 2024. Calculate w(1).
-57
Let l(p) = -p**3 + 16*p**2 + 77*p - 1365. Give l(15).
15
Let c(y) = 149*y - 28308. Determine c(190).
2
Let u(x) = 15888*x - 95330. Determine u(6).
-2
Let o(w) = w**2 - 633*w + 6841. What is o(11)?
-1
Let y(r) = -82*r - 205. Calculate y(-4).
123
Let a(x) = -x**3 - 44*x**2 - 84*x + 97. Give a(-42).
97
Let q(f) = -6*f**2 + 151*f - 739. Calculate q(7).
24
Let y(w) = 16*w**2 + 27*w - 127. What is y(4)?
237
Let u(p)